x - 2*l. What is the remainder when x is divided by v(-21)?
23
Let c(s) = 18*s - 7. Let f be c(5). Let h be (3 + -2)/(-9 - 2228/(-248)). Let g = f + h. What is the remainder when 50 is divided by g?
8
Let p be 2 + -167 + 0 + 0. Let y be 2 + -15 - (-468)/(-2). Let m = p - y. Calculate the remainder when m is divided by 28.
26
Let n = -43 + 46. Suppose 5*o + 4*q = 3*o, n*o - 4*q = 50. Calculate the remainder when 27 is divided by o.
7
Let s = -959 + 981. What is the remainder when s is divided by 31/2 + (-3)/6?
7
Calculate the remainder when 440 is divided by 6*(-9)/108*(-29 - -3).
11
Suppose 127*r + 768 = 131*r. Suppose 9*z - 4*z - 4*b - 353 = 0, 5*z = 2*b + 349. Calculate the remainder when r is divided by z.
54
Suppose 49 = 2*g - 3. Suppose 0 = g*d - 29*d + 24. Calculate the remainder when 21 is divided by d.
5
Let n(k) = 23*k**2 + 9*k + 107. What is the remainder when n(-6) is divided by 42?
41
Let k be (-3)/(-1)*(-16)/(-24). Let s be -8*((-30)/4 - -4). Suppose -5*t + s = -k. What is the remainder when 64 is divided by t?
4
Let n be (-1 + -1 - (-142 + 9)) + -3. Let d = -112 + n. Calculate the remainder when 94 is divided by d.
14
Let v be 1988/(-44) + 4/22. Let c = 125 - v. What is the remainder when c is divided by 35?
30
Suppose 3*v = -2*l - 269, -l = 3*v - 4*l + 294. Let f = v - -98. Suppose 4*i = f*i - 53. Calculate the remainder when i is divided by 27.
26
Let x(g) = g**3 - 6*g**2 - 4*g - 9. Let b be x(7). Let t be 22 + (3 - (-3 - -9)). Let k = t - b. Calculate the remainder when k is divided by 4.
3
Let x = 193 - 175. Calculate the remainder when 8/(32/26)*x is divided by 62.
55
Suppose -n + 6 + 4 = 0. Suppose 3*q - 50 = 4. What is the remainder when n/(-4 - (-145)/35) is divided by q?
16
Let y = 0 - -18. Suppose -2*a = -152 + 156. Calculate the remainder when (-1 - -3) + a - (-55 + 8) is divided by y.
11
Suppose -27*j - 13*j + 3120 = 0. What is the remainder when 194 is divided by j?
38
Let a = 1565 + -1505. Calculate the remainder when 185 is divided by a.
5
Suppose -1529 = -16*v + 535. Suppose -t = -3*q - 34, -2*t + 4*q = -t - 34. Calculate the remainder when v is divided by t.
27
Let r = -56 - -71. Let k(p) = -13 - p**2 + r*p + 17 + 24 - 30*p. What is the remainder when 33 is divided by k(-16)?
9
Let h(m) = 1018*m - 9128. What is the remainder when 110 is divided by h(9)?
8
Let q = 22839 - 22662. Let x = 14 - -12. What is the remainder when q is divided by x?
21
Suppose -439 - 576 = -3*j + 2*y, 0 = -2*j + 5*y + 695. What is the remainder when j is divided by 168?
167
Let q be (186/217)/(3/21). Suppose -p + 5*p = 368. Suppose q*x - p = 2*x. Calculate the remainder when x is divided by 13.
10
Suppose -6184 + 21208 = 48*u. What is the remainder when u is divided by 49?
19
Let d(l) = 2*l**3 - 26*l**2 + 9*l + 32. Suppose 5*s + 360 = -5*k, 4*s + 75 = -k - 0*k. Let n = -41 - k. What is the remainder when d(13) is divided by n?
29
Let d = -3821 - -3836. Calculate the remainder when 31 is divided by d.
1
Suppose 2*y - 33 - 73 = 0. Let j be ((-14)/10 - -1)*-45. Suppose -4*l + 18 = -j. What is the remainder when y is divided by l?
8
Let v = 801 - -165. Suppose -965*m - 19 = -v*m. Calculate the remainder when 29 is divided by m.
10
Let u(b) = 26*b**2 + 3*b - 1. Let q be (-2)/(-17) + 134/17. Suppose -g - q + 1 = 2*r, 2*r = g - 9. Calculate the remainder when 108 is divided by u(g).
24
Let m(b) = -b**3 + 9*b - 4*b**2 + 15 + 2 - 3*b**2. Let r be m(-8). Suppose -5*s - 59 = -l - l, -r = 3*s. Calculate the remainder when l is divided by 4.
2
Let a be (0 + 0)/2*1. Suppose -6*n - 1 - 5 = a. What is the remainder when 39 is divided by n + 5 + 10 + 1 + -1?
11
Let b = 151 + -143. Calculate the remainder when (-69278)/141*6/(-11) is divided by b.
4
Let h(u) be the second derivative of -3*u**5/5 - u**4/6 - 5*u**3/6 - 11*u**2/2 + u - 35. What is the remainder when h(-2) is divided by 34?
19
Let s(c) = -10*c**3 - 5*c**2 - 8*c - 4. Let q be s(-2). Suppose 4*t - q = t. Let m = 31 - t. What is the remainder when 54 is divided by m?
5
Let n(c) = -c**2 - 35*c - 72. Suppose -7*p - 177 + 23 = 0. What is the remainder when n(p) is divided by 43?
42
Let v be ((-44)/(-6))/((4/6)/1). Calculate the remainder when 12 is divided by (v/2)/(40/80).
1
Suppose -5*s + o = -3729, o = -47 + 43. What is the remainder when s is divided by 94?
87
Suppose 922 + 1028 = 10*s. Suppose -2*p + s = 3*p. Suppose -p = -5*y + 271. What is the remainder when y is divided by 33?
29
Let s(z) = 2*z - 80. Let x be s(40). Calculate the remainder when x/(-5 - -2) - -119 is divided by 12.
11
Let j = 3323 + 5153. Calculate the remainder when j is divided by 157.
155
Let u(j) = j**2 - j + 1. Let a(i) = i**3 + 3*i**2 + 6. Let t be a(0). Calculate the remainder when 2*(11 + 2) - (-5 + t) is divided by u(4).
12
Let q be 0 + (-1)/(3/(-615)). Suppose -239 + 245 = 2*a. Suppose a*f + q - 569 = c, 113 = f - 2*c. What is the remainder when f is divided by 31?
30
Suppose 3*r + 0*r + 27 = -2*d, 0 = 2*r + 6. What is the remainder when (-39)/(-2)*(-17)/(51/(-2)) is divided by 0 - (-8)/(-4) - d?
6
Let l(s) = 4*s - 70. Let a be l(18). Suppose -4*r + 13 = 3*f, a*r = 4*f - r - 34. Calculate the remainder when 145 is divided by f.
5
Let d(l) = -l**3 - 4*l**2 + 3*l + 21. Let h be -10 + 3 + -5 - -6. What is the remainder when d(h) is divided by 23?
6
Let p(z) = z**3 + 41*z**2 + 57*z - 127. What is the remainder when p(-39) is divided by 41?
36
Let u(i) = -i**3 + 17*i**2 + 15*i + 59. Suppose 3*x + 23 + 52 = 5*c, 2*c = -5*x + 61. What is the remainder when 48 is divided by u(c)?
3
Suppose 38652 = -13*i + 62793. Calculate the remainder when i is divided by 20.
17
Let g = -36 - -42. Suppose -3*a = -5*a - g, 0 = -5*u - 2*a + 159. Let k = 50 + u. What is the remainder when k is divided by 17?
15
Let c = -12 - -17. Let a(y) = -2 - 7 + 9 + 11*y - 1 - 22. Calculate the remainder when 57 is divided by a(c).
25
Suppose i - 652 = -3*i. Suppose -2893*k + 378 = -2884*k. Calculate the remainder when i is divided by k.
37
Suppose -5*k + 7*k = -0*k + 58. Calculate the remainder when 4117 is divided by k.
28
Let b(l) = l**3 + 15*l**2 + 28*l + 32. Let c be b(-13). Suppose 1 = -r - 21. Calculate the remainder when 31 is divided by (r + -5)*(-2)/c.
4
Let j(b) = 7*b - 1. Let i be j(-3). Let x = 22 - i. Suppose -3*z + x + 49 = 0. What is the remainder when 152 is divided by z?
28
Let k = 204685 + -145694. Calculate the remainder when k is divided by 48.
47
Suppose 0 = -49*g + 58*g - 252. Suppose 0*i + 5*a - 260 = -5*i, i - 5*a - g = 0. Calculate the remainder when i is divided by 25.
23
Let m be 45/3*-5 - 8. Let s be 1036/(-6) - (-2)/3. Let l = m - s. Calculate the remainder when l is divided by 18.
17
Let m = -7 - -38. Suppose 0 = 4*h - 12. Suppose 0*n - n = h*l - 9, -4*l - 9 = -n. Calculate the remainder when m is divided by n.
4
Suppose 4 = -5*r + 14. Suppose 0 = 3*w + r*w - 140. Suppose -1199 = 137*t - 15858. What is the remainder when t is divided by w?
23
Suppose 0 = -396*k + 61*k + 95140. Calculate the remainder when k is divided by 66.
20
Let o(w) = -w**3 + 18*w**2 - 24*w - 52. Let q be ((-18)/(-63))/(-1 - 228/(-224)). What is the remainder when 834 is divided by o(q)?
74
Suppose 16 - 54 = -l. Let x = 61 + -48. Calculate the remainder when l is divided by x.
12
Let m(v) = -v**3 + 53*v**2 - 51*v + 37. Calculate the remainder when m(52) is divided by 46.
43
Calculate the remainder when (-23)/(253/(-6171)) + -4 is divided by 31.
30
Let k = -2035 + 2075. What is the remainder when 51 is divided by k?
11
Let b(g) = -g**3 - 14*g**2 - 13*g + 13. Let u(h) = -1 - 7*h + 3*h + 0*h + 3*h. Calculate the remainder when b(-13) is divided by u(-5).
1
Suppose 4*b + 32 = c + 2*b, -2*c + 46 = 2*b. Let k(v) = -6*v**3 + 4*v**2 - 6. Let t be k(-4). Calculate the remainder when (3/1)/(26/t) is divided by c.
25
Suppose 5*u - 240 = -6*n + n, 4*n - 210 = 2*u. Suppose 4*l = -36 + 140. What is the remainder when n is divided by l?
25
Let i(t) = 5*t**2 + 7*t + 2. Let c be i(-5). Let b = 132 - c. Let d = 12 - -3. What is the remainder when b is divided by d?
10
Let j = 17 - 12. Suppose -j*k + 129 = -11. What is the remainder when (137 - 143)/(((-6)/3 - 0)/37) is divided by k?
27
Let r(f) = 10*f**3 - 2*f**2 + 8*f. Suppose 45 + 13 = 29*v. What is the remainder w